{"id":1427,"date":"2022-03-03T10:58:23","date_gmt":"2022-03-03T09:58:23","guid":{"rendered":"https:\/\/artfloral-boutique.com\/?post_type=product&#038;p=1427"},"modified":"2026-02-20T19:32:19","modified_gmt":"2026-02-20T18:32:19","slug":"bouquet-rond-mamies-jaune-blanc","status":"publish","type":"product","link":"https:\/\/artfloral-boutique.com\/?product=bouquet-rond-mamies-jaune-blanc","title":{"rendered":"Bouquet Rond jaune et blanc f\u00eate des mamies"},"content":{"rendered":"<p><strong>Bouquet rond de fleurs de saison \u00e0 dominante jaune et blanc sp\u00e9cial f\u00eate des mamies !<\/strong> Les fleurs peuvent varier car chaque bouquet est unique et constitu\u00e9 de fleurs selon les arrivages.<\/p>\n","protected":false},"excerpt":{"rendered":"<p><strong>Bouquet rond de fleurs de saison \u00e0 dominante jaune et blanc sp\u00e9cial f\u00eate des mamies !<\/strong> Les fleurs peuvent varier car chaque bouquet est unique et constitu\u00e9 de fleurs selon les arrivages.<\/p>\n","protected":false},"featured_media":1426,"comment_status":"closed","ping_status":"closed","template":"","meta":[],"product_brand":[],"product_cat":[15,67],"product_tag":[60,167,68,70,35,69],"class_list":{"0":"post-1427","1":"product","2":"type-product","3":"status-publish","4":"has-post-thumbnail","6":"product_cat-bouquets-de-fleurs-et-roses","7":"product_cat-special-fete-des-grands-meres","8":"product_tag-argeles-sur-mer","9":"product_tag-cadeau","10":"product_tag-fete-des-grands-meres","11":"product_tag-fete-des-mamies","12":"product_tag-livraison-de-fleurs","13":"product_tag-mamies","14":"product_shipping_class-liv-locale","15":"latest_post","17":"first","18":"instock","19":"taxable","20":"shipping-taxable","21":"purchasable","22":"product-type-simple"},"_links":{"self":[{"href":"https:\/\/artfloral-boutique.com\/index.php?rest_route=\/wp\/v2\/product\/1427","targetHints":{"allow":["GET"]}}],"collection":[{"href":"https:\/\/artfloral-boutique.com\/index.php?rest_route=\/wp\/v2\/product"}],"about":[{"href":"https:\/\/artfloral-boutique.com\/index.php?rest_route=\/wp\/v2\/types\/product"}],"replies":[{"embeddable":true,"href":"https:\/\/artfloral-boutique.com\/index.php?rest_route=%2Fwp%2Fv2%2Fcomments&post=1427"}],"wp:featuredmedia":[{"embeddable":true,"href":"https:\/\/artfloral-boutique.com\/index.php?rest_route=\/wp\/v2\/media\/1426"}],"wp:attachment":[{"href":"https:\/\/artfloral-boutique.com\/index.php?rest_route=%2Fwp%2Fv2%2Fmedia&parent=1427"}],"wp:term":[{"taxonomy":"product_brand","embeddable":true,"href":"https:\/\/artfloral-boutique.com\/index.php?rest_route=%2Fwp%2Fv2%2Fproduct_brand&post=1427"},{"taxonomy":"product_cat","embeddable":true,"href":"https:\/\/artfloral-boutique.com\/index.php?rest_route=%2Fwp%2Fv2%2Fproduct_cat&post=1427"},{"taxonomy":"product_tag","embeddable":true,"href":"https:\/\/artfloral-boutique.com\/index.php?rest_route=%2Fwp%2Fv2%2Fproduct_tag&post=1427"}],"curies":[{"name":"wp","href":"https:\/\/api.w.org\/{rel}","templated":true}]}}