{"id":2183,"date":"2023-01-06T15:43:35","date_gmt":"2023-01-06T14:43:35","guid":{"rendered":"https:\/\/artfloral-boutique.com\/?post_type=product&#038;p=2183"},"modified":"2026-03-12T13:48:16","modified_gmt":"2026-03-12T12:48:16","slug":"coussin-rose-pour-ceremonie-deuil","status":"publish","type":"product","link":"https:\/\/artfloral-boutique.com\/?product=coussin-rose-pour-ceremonie-deuil","title":{"rendered":"Coussin rose et pastel pour c\u00e9r\u00e9monie deuil"},"content":{"rendered":"<p>Assemblage de fleurs piqu\u00e9es de <strong>c\u00e9r\u00e9monie fun\u00e9raire<\/strong> appel\u00e9 le \u00ab\u00a0<strong>Coussin<\/strong>\u00a0\u00bb de forme arrondie.<\/p>\n<p>La dominante de ce mod\u00e8le est dans les<strong> tons de ROSE<\/strong>, les fleurs sont choisies selon la saison et la disponibilit\u00e9 des vari\u00e9t\u00e9s au moment de la commande.<\/p>\n<p>Le ruban deuil n&rsquo;est pas inclus dans le prix.<\/p>\n","protected":false},"excerpt":{"rendered":"<p>Assemblage de fleurs piqu\u00e9es de <strong>c\u00e9r\u00e9monie fun\u00e9raire<\/strong> appel\u00e9 le \u00ab\u00a0<strong>Coussin<\/strong>\u00a0\u00bb de forme arrondie.<\/p>\n<p>La dominante de ce mod\u00e8le est dans les<strong> tons de ROSE<\/strong>, les fleurs sont choisies selon la saison et la disponibilit\u00e9 des vari\u00e9t\u00e9s au moment de la commande.<\/p>\n<p>Le ruban deuil n&rsquo;est pas inclus dans le prix.<\/p>\n","protected":false},"featured_media":2305,"comment_status":"open","ping_status":"closed","template":"","meta":[],"product_brand":[],"product_cat":[232,16,226],"product_tag":[20,56,86,17,21,19,18],"class_list":{"0":"post-2183","1":"product","2":"type-product","3":"status-publish","4":"has-post-thumbnail","6":"product_cat-tons-pastels","7":"product_cat-fleurs-deuil","8":"product_cat-coussins","9":"product_tag-ceremonie","10":"product_tag-coeur","11":"product_tag-coussin","12":"product_tag-deuil","13":"product_tag-fleurs","14":"product_tag-funeraire","15":"product_tag-gerbe","16":"product_shipping_class-liv-locale","17":"latest_post","19":"first","20":"instock","21":"taxable","22":"shipping-taxable","23":"purchasable","24":"product-type-variable"},"_links":{"self":[{"href":"https:\/\/artfloral-boutique.com\/index.php?rest_route=\/wp\/v2\/product\/2183","targetHints":{"allow":["GET"]}}],"collection":[{"href":"https:\/\/artfloral-boutique.com\/index.php?rest_route=\/wp\/v2\/product"}],"about":[{"href":"https:\/\/artfloral-boutique.com\/index.php?rest_route=\/wp\/v2\/types\/product"}],"replies":[{"embeddable":true,"href":"https:\/\/artfloral-boutique.com\/index.php?rest_route=%2Fwp%2Fv2%2Fcomments&post=2183"}],"wp:featuredmedia":[{"embeddable":true,"href":"https:\/\/artfloral-boutique.com\/index.php?rest_route=\/wp\/v2\/media\/2305"}],"wp:attachment":[{"href":"https:\/\/artfloral-boutique.com\/index.php?rest_route=%2Fwp%2Fv2%2Fmedia&parent=2183"}],"wp:term":[{"taxonomy":"product_brand","embeddable":true,"href":"https:\/\/artfloral-boutique.com\/index.php?rest_route=%2Fwp%2Fv2%2Fproduct_brand&post=2183"},{"taxonomy":"product_cat","embeddable":true,"href":"https:\/\/artfloral-boutique.com\/index.php?rest_route=%2Fwp%2Fv2%2Fproduct_cat&post=2183"},{"taxonomy":"product_tag","embeddable":true,"href":"https:\/\/artfloral-boutique.com\/index.php?rest_route=%2Fwp%2Fv2%2Fproduct_tag&post=2183"}],"curies":[{"name":"wp","href":"https:\/\/api.w.org\/{rel}","templated":true}]}}