{"id":2313,"date":"2023-01-11T17:05:51","date_gmt":"2023-01-11T16:05:51","guid":{"rendered":"https:\/\/artfloral-boutique.com\/?post_type=product&#038;p=2313"},"modified":"2026-03-16T19:34:39","modified_gmt":"2026-03-16T18:34:39","slug":"coussin-tons-rouge","status":"publish","type":"product","link":"https:\/\/artfloral-boutique.com\/?product=coussin-tons-rouge","title":{"rendered":"Coussin \u00e0 dominante rouge"},"content":{"rendered":"<p><strong>Coussin \u00e0 dominance rouge pour c\u00e9r\u00e9monie fun\u00e9raire<\/strong>. Cet Assemblage de fleurs piqu\u00e9es appel\u00e9 le \u00ab\u00a0<strong>Coussin<\/strong>\u00a0\u00bb\u00a0 est de forme arrondie dans une mousse hydratant les fleurs.<\/p>\n<p>Chaque pi\u00e8ce est unique et les fleurs sont choisies selon la saison et la disponibilit\u00e9 des vari\u00e9t\u00e9s au moment de la commande.<\/p>\n<p>Le ruban deuil n&rsquo;est pas inclus dans le prix.<\/p>\n<p>&nbsp;<\/p>\n<p><span style=\"color: #ffffff;\"><em><strong>FAQ : Quel fleuriste peut livrer un coussin fun\u00e9raire \u00e0 Argel\u00e8s sur mer, Collioure ou Port Vendres ?<\/strong><\/em><\/span><\/p>\n","protected":false},"excerpt":{"rendered":"<p>Assemblage de fleurs piqu\u00e9es de <strong>c\u00e9r\u00e9monie fun\u00e9raire<\/strong> appel\u00e9 le \u00ab\u00a0<strong>Coussin<\/strong>\u00a0\u00bb de forme arrondie.<\/p>\n<p>La dominante de ce mod\u00e8le est<strong> color\u00e9e, dans des tons chauds<\/strong>, les fleurs sont choisies selon la saison et la disponibilit\u00e9 des vari\u00e9t\u00e9s au moment de la commande.<\/p>\n<p>Le ruban deuil n&rsquo;est pas inclus dans le prix.<\/p>\n","protected":false},"featured_media":2289,"comment_status":"open","ping_status":"closed","template":"","meta":[],"product_brand":[],"product_cat":[233,16,226],"product_tag":[20,56,86,17,21,19,18],"class_list":{"0":"post-2313","1":"product","2":"type-product","3":"status-publish","4":"has-post-thumbnail","6":"product_cat-deuil-tons-colores","7":"product_cat-fleurs-deuil","8":"product_cat-coussins","9":"product_tag-ceremonie","10":"product_tag-coeur","11":"product_tag-coussin","12":"product_tag-deuil","13":"product_tag-fleurs","14":"product_tag-funeraire","15":"product_tag-gerbe","16":"product_shipping_class-liv-locale","17":"latest_post","19":"first","20":"instock","21":"taxable","22":"shipping-taxable","23":"purchasable","24":"product-type-variable"},"_links":{"self":[{"href":"https:\/\/artfloral-boutique.com\/index.php?rest_route=\/wp\/v2\/product\/2313","targetHints":{"allow":["GET"]}}],"collection":[{"href":"https:\/\/artfloral-boutique.com\/index.php?rest_route=\/wp\/v2\/product"}],"about":[{"href":"https:\/\/artfloral-boutique.com\/index.php?rest_route=\/wp\/v2\/types\/product"}],"replies":[{"embeddable":true,"href":"https:\/\/artfloral-boutique.com\/index.php?rest_route=%2Fwp%2Fv2%2Fcomments&post=2313"}],"wp:featuredmedia":[{"embeddable":true,"href":"https:\/\/artfloral-boutique.com\/index.php?rest_route=\/wp\/v2\/media\/2289"}],"wp:attachment":[{"href":"https:\/\/artfloral-boutique.com\/index.php?rest_route=%2Fwp%2Fv2%2Fmedia&parent=2313"}],"wp:term":[{"taxonomy":"product_brand","embeddable":true,"href":"https:\/\/artfloral-boutique.com\/index.php?rest_route=%2Fwp%2Fv2%2Fproduct_brand&post=2313"},{"taxonomy":"product_cat","embeddable":true,"href":"https:\/\/artfloral-boutique.com\/index.php?rest_route=%2Fwp%2Fv2%2Fproduct_cat&post=2313"},{"taxonomy":"product_tag","embeddable":true,"href":"https:\/\/artfloral-boutique.com\/index.php?rest_route=%2Fwp%2Fv2%2Fproduct_tag&post=2313"}],"curies":[{"name":"wp","href":"https:\/\/api.w.org\/{rel}","templated":true}]}}