{"id":2360,"date":"2023-01-16T14:54:05","date_gmt":"2023-01-16T13:54:05","guid":{"rendered":"https:\/\/artfloral-boutique.com\/?post_type=product&#038;p=2360"},"modified":"2026-03-16T19:31:55","modified_gmt":"2026-03-16T18:31:55","slug":"dessus-de-cercueil-blanc","status":"publish","type":"product","link":"https:\/\/artfloral-boutique.com\/?product=dessus-de-cercueil-blanc","title":{"rendered":"Dessus de cercueil Blanc \u00ab\u00a0Flocon\u00a0\u00bb"},"content":{"rendered":"<p><strong>Dessus de Cercueil Blanc<\/strong><strong>.<\/strong> Il s&rsquo;agit d&rsquo;une composition de fleurs piqu\u00e9es de forme allong\u00e9e pour orner le cercueil lors de la c\u00e9r\u00e9monie.<\/p>\n<p>Les fleurs qui composent cette <strong>gerbe florale<\/strong> varient beaucoup en fonction des saisons. Il est donc <strong>imp\u00e9ratif <\/strong>pour cette pi\u00e8ce <strong>de nous contacter pour s&rsquo;assurer de la faisabilit\u00e9<\/strong> de cette pi\u00e8ce au jour de la c\u00e9r\u00e9monie.<\/p>\n<p>&nbsp;<\/p>\n","protected":false},"excerpt":{"rendered":"<p><strong>Dessus de Cercueil Blanc<\/strong><strong>.<\/strong> Il s&rsquo;agit d&rsquo;une composition de fleurs piqu\u00e9es de forme allong\u00e9e pour orner le cercueil lors de la c\u00e9r\u00e9monie.<\/p>\n<p>Les fleurs qui composent cette <strong>gerbe florale<\/strong> varient beaucoup en fonction des saisons. Il est donc <strong>imp\u00e9ratif <\/strong>pour cette pi\u00e8ce <strong>de nous contacter pour s&rsquo;assurer de la faisabilit\u00e9<\/strong> de cette pi\u00e8ce au jour de la c\u00e9r\u00e9monie.<\/p>\n<p>&nbsp;<\/p>\n","protected":false},"featured_media":2413,"comment_status":"closed","ping_status":"closed","template":"","meta":[],"product_brand":[],"product_cat":[224,232,16],"product_tag":[22,20,17,21,19,18],"class_list":{"0":"post-2360","1":"product","2":"type-product","3":"status-publish","4":"has-post-thumbnail","6":"product_cat-dessus-de-cercueil","7":"product_cat-tons-pastels","8":"product_cat-fleurs-deuil","9":"product_tag-blanc","10":"product_tag-ceremonie","11":"product_tag-deuil","12":"product_tag-fleurs","13":"product_tag-funeraire","14":"product_tag-gerbe","15":"product_shipping_class-liv-locale","16":"latest_post","18":"first","19":"instock","20":"taxable","21":"shipping-taxable","22":"purchasable","23":"product-type-simple"},"_links":{"self":[{"href":"https:\/\/artfloral-boutique.com\/index.php?rest_route=\/wp\/v2\/product\/2360","targetHints":{"allow":["GET"]}}],"collection":[{"href":"https:\/\/artfloral-boutique.com\/index.php?rest_route=\/wp\/v2\/product"}],"about":[{"href":"https:\/\/artfloral-boutique.com\/index.php?rest_route=\/wp\/v2\/types\/product"}],"replies":[{"embeddable":true,"href":"https:\/\/artfloral-boutique.com\/index.php?rest_route=%2Fwp%2Fv2%2Fcomments&post=2360"}],"wp:featuredmedia":[{"embeddable":true,"href":"https:\/\/artfloral-boutique.com\/index.php?rest_route=\/wp\/v2\/media\/2413"}],"wp:attachment":[{"href":"https:\/\/artfloral-boutique.com\/index.php?rest_route=%2Fwp%2Fv2%2Fmedia&parent=2360"}],"wp:term":[{"taxonomy":"product_brand","embeddable":true,"href":"https:\/\/artfloral-boutique.com\/index.php?rest_route=%2Fwp%2Fv2%2Fproduct_brand&post=2360"},{"taxonomy":"product_cat","embeddable":true,"href":"https:\/\/artfloral-boutique.com\/index.php?rest_route=%2Fwp%2Fv2%2Fproduct_cat&post=2360"},{"taxonomy":"product_tag","embeddable":true,"href":"https:\/\/artfloral-boutique.com\/index.php?rest_route=%2Fwp%2Fv2%2Fproduct_tag&post=2360"}],"curies":[{"name":"wp","href":"https:\/\/api.w.org\/{rel}","templated":true}]}}