{"id":2499,"date":"2023-02-09T12:34:13","date_gmt":"2023-02-09T11:34:13","guid":{"rendered":"https:\/\/artfloral-boutique.com\/?post_type=product&#038;p=2499"},"modified":"2023-06-24T18:00:28","modified_gmt":"2023-06-24T16:00:28","slug":"rose-eternelle-nounours-soliflor","status":"publish","type":"product","link":"https:\/\/artfloral-boutique.com\/?product=rose-eternelle-nounours-soliflor","title":{"rendered":"Rose \u00e9ternelle, nounours et soliflore"},"content":{"rendered":"<p><em><strong>Bouton de Rose \u00e9ternelle XL et son tendre nounours pr\u00e9sent\u00e9s dans un soliflore de Saint Valentin<br \/>\n<\/strong><\/em><\/p>\n<p>Cette pr\u00e9sentation cr\u00e9e sp\u00e9cialement pour les amoureux de la<strong> saint valentin<\/strong> est compos\u00e9e d&rsquo;un bouton de<strong> belle rose rouge \u00e9ternelle de taille XL,\u00a0<\/strong> <strong>de fleurs et feuillages s\u00e9ch\u00e9s, d&rsquo;un petit sujet nounours\u00a0<\/strong> . Disponible en boutique ou en livraison pour la f\u00eate des amoureux ! Voici une cr\u00e9ation qui pourra dur\u00e9e tr\u00e8s longtemps sans entretien ni eau.<\/p>\n<p><em>Le soliflore en verre peut varier selon le stock disponible entre un verre teint\u00e9 rouge ou transparent.<br \/>\n<\/em><em>hauteur environ 30\/40cm<\/em><\/p>\n","protected":false},"excerpt":{"rendered":"<p><em><strong>Bouton de Rose \u00e9ternelle XL et son tendre nounours pr\u00e9sent\u00e9s dans un soliflore de Saint Valentin<br \/>\n<\/strong><\/em><\/p>\n<p>Cette pr\u00e9sentation cr\u00e9e sp\u00e9cialement pour les amoureux de la<strong> saint valentin<\/strong> est compos\u00e9e d&rsquo;un bouton de<strong> belle rose rouge \u00e9ternelle de taille XL,\u00a0<\/strong> <strong>de fleurs et feuillages s\u00e9ch\u00e9s, d&rsquo;un petit sujet nounours\u00a0<\/strong> . Disponible en boutique ou en livraison pour la f\u00eate des amoureux ! Voici une cr\u00e9ation qui pourra dur\u00e9e tr\u00e8s longtemps sans entretien ni eau.<\/p>\n<p><em>Le soliflore en verre peut varier selon le stock disponible entre un verre teint\u00e9 rouge ou transparent.<br \/>\n<\/em><em>hauteur environ 30\/40cm<\/em><\/p>\n","protected":false},"featured_media":2497,"comment_status":"closed","ping_status":"closed","template":"","meta":[],"product_brand":[],"product_cat":[89],"product_tag":[54],"class_list":{"0":"post-2499","1":"product","2":"type-product","3":"status-publish","4":"has-post-thumbnail","6":"product_cat-roses-eternelles","7":"product_tag-saint-valentin","8":"product_shipping_class-liv-locale","9":"latest_post","11":"first","12":"instock","13":"taxable","14":"shipping-taxable","15":"purchasable","16":"product-type-simple"},"_links":{"self":[{"href":"https:\/\/artfloral-boutique.com\/index.php?rest_route=\/wp\/v2\/product\/2499","targetHints":{"allow":["GET"]}}],"collection":[{"href":"https:\/\/artfloral-boutique.com\/index.php?rest_route=\/wp\/v2\/product"}],"about":[{"href":"https:\/\/artfloral-boutique.com\/index.php?rest_route=\/wp\/v2\/types\/product"}],"replies":[{"embeddable":true,"href":"https:\/\/artfloral-boutique.com\/index.php?rest_route=%2Fwp%2Fv2%2Fcomments&post=2499"}],"wp:featuredmedia":[{"embeddable":true,"href":"https:\/\/artfloral-boutique.com\/index.php?rest_route=\/wp\/v2\/media\/2497"}],"wp:attachment":[{"href":"https:\/\/artfloral-boutique.com\/index.php?rest_route=%2Fwp%2Fv2%2Fmedia&parent=2499"}],"wp:term":[{"taxonomy":"product_brand","embeddable":true,"href":"https:\/\/artfloral-boutique.com\/index.php?rest_route=%2Fwp%2Fv2%2Fproduct_brand&post=2499"},{"taxonomy":"product_cat","embeddable":true,"href":"https:\/\/artfloral-boutique.com\/index.php?rest_route=%2Fwp%2Fv2%2Fproduct_cat&post=2499"},{"taxonomy":"product_tag","embeddable":true,"href":"https:\/\/artfloral-boutique.com\/index.php?rest_route=%2Fwp%2Fv2%2Fproduct_tag&post=2499"}],"curies":[{"name":"wp","href":"https:\/\/api.w.org\/{rel}","templated":true}]}}