{"id":2556,"date":"2023-02-26T17:55:45","date_gmt":"2023-02-26T16:55:45","guid":{"rendered":"https:\/\/artfloral-boutique.com\/?post_type=product&#038;p=2556"},"modified":"2026-02-20T19:32:10","modified_gmt":"2026-02-20T18:32:10","slug":"bouquet-rond-caline","status":"publish","type":"product","link":"https:\/\/artfloral-boutique.com\/?product=bouquet-rond-caline","title":{"rendered":"Bouquet C\u00e2line pour la f\u00eate des Mamies"},"content":{"rendered":"<p><strong>Bouquet rond de fleurs de saison \u00e0 dominante jaune et rose sp\u00e9cial f\u00eate des mamies !<\/strong> Les fleurs peuvent varier car chaque bouquet est unique et constitu\u00e9 de fleurs selon les arrivages. Offrez de la bonne humeur avec ce bouquet aux couleurs dor\u00e9es et ensoleill\u00e9es ! R\u00e9alis\u00e9 tout sp\u00e9cialement pour la F\u00eate des grands-m\u00e8res, ce bouquet rond de fleurs de saison nous rappelle que demain est un jour nouveau et que le printemps reviendra bient\u00f4t.<\/p>\n<div class=\"BlockSeo-content\">\n<div class=\"TipsList\">\n<div class=\"TeaserTips TipsList-item\">\n<div class=\"TeaserTips-content\">\n<div class=\"teaserTips--desc\">Fleurs principales : roses et narcisses. Couleurs principales : Rose, saumon et jaune. Chaque bouquet est unique, votre fleuriste peut \u00eatre amen\u00e9 \u00e0 substituer une vari\u00e9t\u00e9 de fleur pour r\u00e9aliser sa cr\u00e9ation et vous offrir le plus beau des bouquets. <strong>Il est confectionn\u00e9 et livr\u00e9 sans interm\u00e9diaire par votre fleuriste, ce qui vous garantie le meilleur prix !<\/strong><\/div>\n<\/div>\n<\/div>\n<div class=\"TeaserTips TipsList-item\">\n<div class=\"TeaserTips-content\">\n<h5 class=\"highlight\"><em>Entretien<br \/>\n<\/em><em> Pour conserver encore plus longtemps vos fleurs, quelques astuces : changer l&rsquo;eau du vase tous les trois jours, et tailler les tiges de 1 cm tous les deux jours.<\/em><\/h5>\n<h5><em>Livraison durant les deux jours du week-end de la f\u00eate des grands-m\u00e8res. Nous privil\u00e9gierons la date s\u00e9lectionn\u00e9e mais une livraison peut \u00eatre r\u00e9alis\u00e9e la veille selon nos possibilit\u00e9s logistiques. Livraison de fleurs \u00e0 Argel\u00e8s sur mer, Collioure, Port Vendres, Banyuls sur mer, Palau del vidre, Saint Andr\u00e9, Saint Cyprien, Sor\u00e8de, Laroque des Alb\u00e8res, Saint Genis des Fontaines&#8230;<\/em><\/h5>\n<\/div>\n<\/div>\n<\/div>\n<\/div>\n","protected":false},"excerpt":{"rendered":"<p><strong>Bouquet rond de fleurs de saison \u00e0 dominante jaune et rose sp\u00e9cial f\u00eate des mamies !<\/strong> Les fleurs peuvent varier car chaque bouquet est unique et constitu\u00e9 de fleurs selon les arrivages. Offrez de la bonne humeur avec ce bouquet aux couleurs dor\u00e9es et ensoleill\u00e9es ! R\u00e9alis\u00e9 tout sp\u00e9cialement pour la F\u00eate des grands-m\u00e8res, ce bouquet rond de fleurs de saison nous rappelle que demain est un jour nouveau et que le printemps reviendra bient\u00f4t.<\/p>\n<div class=\"BlockSeo-content\">\n<div class=\"TipsList\">\n<div class=\"TeaserTips TipsList-item\">\n<div class=\"TeaserTips-content\">\n<div class=\"teaserTips--desc\">Fleurs principales : roses et narcisses. Couleurs principales : Rose, saumon et jaune. Chaque bouquet est unique, votre fleuriste peut \u00eatre amen\u00e9 \u00e0 substituer une vari\u00e9t\u00e9 de fleur pour r\u00e9aliser sa cr\u00e9ation et vous offrir le plus beau des bouquets. <strong>Il est confectionn\u00e9 et livr\u00e9 sans interm\u00e9diaire par votre fleuriste, ce qui vous garantie le meilleur prix !<\/strong><\/div>\n<\/div>\n<\/div>\n<div class=\"TeaserTips TipsList-item\">\n<div class=\"TeaserTips-content\">\n<h5 class=\"highlight\"><em>Entretien<br \/>\n<\/em><em> Pour conserver encore plus longtemps vos fleurs, quelques astuces : changer l&rsquo;eau du vase tous les trois jours, et tailler les tiges de 1 cm tous les deux jours.<\/em><\/h5>\n<h5><em>Livraison durant les deux jours du week-end de la f\u00eate des grands-m\u00e8res. Nous privil\u00e9gierons la date s\u00e9lectionn\u00e9e mais une livraison peut \u00eatre r\u00e9alis\u00e9e la veille selon nos possibilit\u00e9s logistiques. Livraison de fleurs \u00e0 Argel\u00e8s sur mer, Collioure, Port Vendres, Banyuls sur mer, Palau del vidre, Saint Andr\u00e9, Saint Cyprien, Sor\u00e8de, Laroque des Alb\u00e8res, Saint Genis des Fontaines&#8230;<\/em><\/h5>\n<\/div>\n<\/div>\n<\/div>\n<\/div>\n","protected":false},"featured_media":2540,"comment_status":"closed","ping_status":"closed","template":"","meta":[],"product_brand":[],"product_cat":[15,67],"product_tag":[60,167,68,70,35,69],"class_list":{"0":"post-2556","1":"product","2":"type-product","3":"status-publish","4":"has-post-thumbnail","6":"product_cat-bouquets-de-fleurs-et-roses","7":"product_cat-special-fete-des-grands-meres","8":"product_tag-argeles-sur-mer","9":"product_tag-cadeau","10":"product_tag-fete-des-grands-meres","11":"product_tag-fete-des-mamies","12":"product_tag-livraison-de-fleurs","13":"product_tag-mamies","14":"product_shipping_class-liv-locale","15":"latest_post","17":"first","18":"instock","19":"taxable","20":"shipping-taxable","21":"purchasable","22":"product-type-simple"},"_links":{"self":[{"href":"https:\/\/artfloral-boutique.com\/index.php?rest_route=\/wp\/v2\/product\/2556","targetHints":{"allow":["GET"]}}],"collection":[{"href":"https:\/\/artfloral-boutique.com\/index.php?rest_route=\/wp\/v2\/product"}],"about":[{"href":"https:\/\/artfloral-boutique.com\/index.php?rest_route=\/wp\/v2\/types\/product"}],"replies":[{"embeddable":true,"href":"https:\/\/artfloral-boutique.com\/index.php?rest_route=%2Fwp%2Fv2%2Fcomments&post=2556"}],"wp:featuredmedia":[{"embeddable":true,"href":"https:\/\/artfloral-boutique.com\/index.php?rest_route=\/wp\/v2\/media\/2540"}],"wp:attachment":[{"href":"https:\/\/artfloral-boutique.com\/index.php?rest_route=%2Fwp%2Fv2%2Fmedia&parent=2556"}],"wp:term":[{"taxonomy":"product_brand","embeddable":true,"href":"https:\/\/artfloral-boutique.com\/index.php?rest_route=%2Fwp%2Fv2%2Fproduct_brand&post=2556"},{"taxonomy":"product_cat","embeddable":true,"href":"https:\/\/artfloral-boutique.com\/index.php?rest_route=%2Fwp%2Fv2%2Fproduct_cat&post=2556"},{"taxonomy":"product_tag","embeddable":true,"href":"https:\/\/artfloral-boutique.com\/index.php?rest_route=%2Fwp%2Fv2%2Fproduct_tag&post=2556"}],"curies":[{"name":"wp","href":"https:\/\/api.w.org\/{rel}","templated":true}]}}