{"id":2653,"date":"2026-04-01T11:48:14","date_gmt":"2026-04-01T09:48:14","guid":{"rendered":"https:\/\/artfloral-boutique.com\/?post_type=product&#038;p=2653"},"modified":"2026-03-23T18:13:13","modified_gmt":"2026-03-23T17:13:13","slug":"bouquet-pour-paques","status":"publish","type":"product","link":"https:\/\/artfloral-boutique.com\/?product=bouquet-pour-paques","title":{"rendered":"Bouquet de PAQUES tons jaunes"},"content":{"rendered":"<p><strong>Bouquet de fleurs de saison, aux couleurs l\u00e9g\u00e8res pouvant varier du jaune au rose tendre, d\u00e9cor\u00e9 d&rsquo;un petit sujet de PAQUES !<br \/>\n<\/strong><\/p>\n<div class=\"BlockSeo-content\">\n<div class=\"TipsList\">\n<div class=\"TeaserTips TipsList-item\">\n<div class=\"TeaserTips-content\">\n<div class=\"teaserTips--desc\">Confectionn\u00e9 et livr\u00e9 sans interm\u00e9diaire par votre fleuriste, ce qui vous<strong> garantie le meilleur prix !<\/strong><\/div>\n<\/div>\n<\/div>\n<div class=\"TeaserTips TipsList-item\">\n<div class=\"TeaserTips-content\">\n<h5><em>Livraison de fleurs \u00e0 Argel\u00e8s sur mer, Collioure, Port Vendres, Banyuls sur mer, Palau del vidre, Saint Andr\u00e9, Saint Cyprien, Sor\u00e8de, Laroque des Alb\u00e8res, Saint Genis des Fontaines&#8230;<\/em><\/h5>\n<\/div>\n<\/div>\n<\/div>\n<\/div>\n","protected":false},"excerpt":{"rendered":"<p><strong>Bouquet de fleurs de saison, aux couleurs l\u00e9g\u00e8res pouvant varier du jaune au rose tendre, d\u00e9cor\u00e9 d&rsquo;un petit sujet de PAQUES !<br \/>\n<\/strong><\/p>\n<div class=\"BlockSeo-content\">\n<div class=\"TipsList\">\n<div class=\"TeaserTips TipsList-item\">\n<div class=\"TeaserTips-content\">\n<div class=\"teaserTips--desc\">Confectionn\u00e9 et livr\u00e9 sans interm\u00e9diaire par votre fleuriste, ce qui vous<strong> garantie le meilleur prix !<\/strong><\/div>\n<\/div>\n<\/div>\n<div class=\"TeaserTips TipsList-item\">\n<div class=\"TeaserTips-content\">\n<h5><em>Livraison de fleurs \u00e0 Argel\u00e8s sur mer, Collioure, Port Vendres, Banyuls sur mer, Palau del vidre, Saint Andr\u00e9, Saint Cyprien, Sor\u00e8de, Laroque des Alb\u00e8res, Saint Genis des Fontaines&#8230;<\/em><\/h5>\n<\/div>\n<\/div>\n<\/div>\n<\/div>\n","protected":false},"featured_media":2643,"comment_status":"closed","ping_status":"closed","template":"","meta":[],"product_brand":[],"product_cat":[15,234,213,236],"product_tag":[60,167,68,35,69,214],"class_list":{"0":"post-2653","1":"product","2":"type-product","3":"status-publish","4":"has-post-thumbnail","6":"product_cat-bouquets-de-fleurs-et-roses","7":"product_cat-bouquets-ronds","8":"product_cat-paques","9":"product_cat-tons-colores-bouquets-de-fleurs-et-roses","10":"product_tag-argeles-sur-mer","11":"product_tag-cadeau","12":"product_tag-fete-des-grands-meres","13":"product_tag-livraison-de-fleurs","14":"product_tag-mamies","15":"product_tag-paques","16":"product_shipping_class-liv-locale","17":"latest_post","19":"first","20":"instock","21":"taxable","22":"shipping-taxable","23":"purchasable","24":"product-type-simple"},"_links":{"self":[{"href":"https:\/\/artfloral-boutique.com\/index.php?rest_route=\/wp\/v2\/product\/2653","targetHints":{"allow":["GET"]}}],"collection":[{"href":"https:\/\/artfloral-boutique.com\/index.php?rest_route=\/wp\/v2\/product"}],"about":[{"href":"https:\/\/artfloral-boutique.com\/index.php?rest_route=\/wp\/v2\/types\/product"}],"replies":[{"embeddable":true,"href":"https:\/\/artfloral-boutique.com\/index.php?rest_route=%2Fwp%2Fv2%2Fcomments&post=2653"}],"wp:featuredmedia":[{"embeddable":true,"href":"https:\/\/artfloral-boutique.com\/index.php?rest_route=\/wp\/v2\/media\/2643"}],"wp:attachment":[{"href":"https:\/\/artfloral-boutique.com\/index.php?rest_route=%2Fwp%2Fv2%2Fmedia&parent=2653"}],"wp:term":[{"taxonomy":"product_brand","embeddable":true,"href":"https:\/\/artfloral-boutique.com\/index.php?rest_route=%2Fwp%2Fv2%2Fproduct_brand&post=2653"},{"taxonomy":"product_cat","embeddable":true,"href":"https:\/\/artfloral-boutique.com\/index.php?rest_route=%2Fwp%2Fv2%2Fproduct_cat&post=2653"},{"taxonomy":"product_tag","embeddable":true,"href":"https:\/\/artfloral-boutique.com\/index.php?rest_route=%2Fwp%2Fv2%2Fproduct_tag&post=2653"}],"curies":[{"name":"wp","href":"https:\/\/api.w.org\/{rel}","templated":true}]}}

<p><strong>Bouquet de fleurs de saison, aux couleurs légères pouvant varier du jaune au rose tendre, décoré d&rsquo;un petit sujet de PAQUES !<br />
</strong></p>
<div class="BlockSeo-content">
<div class="TipsList">
<div class="TeaserTips TipsList-item">
<div class="TeaserTips-content">
<div class="teaserTips--desc">Confectionné et livré sans intermédiaire par votre fleuriste, ce qui vous<strong> garantie le meilleur prix !</strong></div>
</div>
</div>
<div class="TeaserTips TipsList-item">
<div class="TeaserTips-content">
<h5><em>Livraison de fleurs à Argelès sur mer, Collioure, Port Vendres, Banyuls sur mer, Palau del vidre, Saint André, Saint Cyprien, Sorède, Laroque des Albères, Saint Genis des Fontaines&#8230;</em></h5>
</div>
</div>
</div>
</div>
