{"id":2743,"date":"2023-04-19T23:15:24","date_gmt":"2023-04-19T21:15:24","guid":{"rendered":"https:\/\/artfloral-boutique.com\/?post_type=product&#038;p=2743"},"modified":"2026-03-16T19:30:53","modified_gmt":"2026-03-16T18:30:53","slug":"raquette-ovale-rose-avec-orchidee","status":"publish","type":"product","link":"https:\/\/artfloral-boutique.com\/?product=raquette-ovale-rose-avec-orchidee","title":{"rendered":"Raquette en pointes, tons rose parme avec Orchid\u00e9e"},"content":{"rendered":"<p><strong>Cette RAQUETTE est plut\u00f4t dans les tons roses, mauves et parmes, agr\u00e9ment\u00e9e de fleurs d&rsquo;orchid\u00e9e, de forme allong\u00e9e et pointue<\/strong>. Elle peut \u00eatre offerte par la famille, des amis ou des coll\u00e8gues, une institution ou des voisins.<\/p>\n<p>Les fleurs qui composent cette <strong>gerbe florale<\/strong> varient en fonction des saisons et des fleurs disponibles au moment de la commande. Cette gerbe convient plut\u00f4t pour les fun\u00e9railles d&rsquo;une Dame quelque soit l&rsquo;\u00e2ge de la d\u00e9funte. Lors du recueillement et de la c\u00e9r\u00e9monie, vos fleurs am\u00e8neront un peu de douceur en ce moment de deuil, rendant un dernier hommage au d\u00e9funt.<\/p>\n<p>Pour tous conseils, vous pouvez nous appeler par T\u00e9l\u00e9phone du magasin 04 68 81 06 89 (appel non surtax\u00e9, aux heures d&rsquo;ouverture)<\/p>\n<h6><strong>FAQ : comment faire livrer une gerbe, une raquette, un coussin ou une couronne au salon fun\u00e9raire Auton\u00e8s \u00e0 Argel\u00e8s ? Peut-on faire livraison une coupe de plantes ou des fleurs deuil aux pompes fun\u00e8bres Torrano \u00e0 Saint Andr\u00e9, Capeille \u00e0 Laroque des Alb\u00e8res, C\u00f4te Vermeille \u00e0 Port Vendres ou Banyuls sur mer, Suida Palotis \u00e0 Elne, Pideil \u00e0 Saint Cyprien, Catois \u00e0 Saint Genis des Fontaines ? Que faut-il offrir comme fleurs pour la s\u00e9pulture d&rsquo;une amie ou d&rsquo;un membre de la famille lors des obs\u00e8ques ? Comment envoyer une gerbe d&rsquo;apr\u00e8s les informations de l&rsquo;avis de d\u00e9c\u00e8s aupr\u00e8s du service fun\u00e9raire ? Uel fleuriste peut livrer des fleurs aux Pompes fun\u00e8bres Jalabert \u00e0 Saint Cyprien ?<br \/>\n<\/strong><\/h6>\n","protected":false},"excerpt":{"rendered":"<p><strong>Cette RAQUETTE est plut\u00f4t dans les tons roses, mauves et parmes, agr\u00e9ment\u00e9e de fleurs d&rsquo;orchid\u00e9e, de forme allong\u00e9e et pointue<\/strong>. Elle peut \u00eatre offerte par la famille, des amis ou des coll\u00e8gues, une institution ou des voisins.<\/p>\n<p>Les fleurs qui composent cette <strong>gerbe florale<\/strong> varient en fonction des saisons et des fleurs disponibles au moment de la commande. Cette gerbe convient plut\u00f4t pour les fun\u00e9railles d&rsquo;une Dame quelque soit l&rsquo;\u00e2ge de la d\u00e9funte. Lors du recueillement et de la c\u00e9r\u00e9monie, vos fleurs am\u00e8neront un peu de douceur en ce moment de deuil, rendant un dernier hommage au d\u00e9funt.<\/p>\n<p>Pour tous conseils, vous pouvez nous appeler par T\u00e9l\u00e9phone du magasin 04 68 81 06 89 (appel non surtax\u00e9, aux heures d&rsquo;ouverture)<\/p>\n<h6><strong>FAQ : comment faire livrer une gerbe, une raquette, un coussin ou une couronne au salon fun\u00e9raire Auton\u00e8s \u00e0 Argel\u00e8s ? Peut-on faire livraison une coupe de plantes ou des fleurs deuil aux pompes fun\u00e8bres Torrano \u00e0 Saint Andr\u00e9, Capeille \u00e0 Laroque des Alb\u00e8res, C\u00f4te Vermeille \u00e0 Port Vendres ou Banyuls sur mer, Suida Palotis \u00e0 Elne, Pideil \u00e0 Saint Cyprien, Catois \u00e0 Saint Genis des Fontaines ? Que faut-il offrir comme fleurs pour la s\u00e9pulture d&rsquo;une amie ou d&rsquo;un membre de la famille lors des obs\u00e8ques ? Comment envoyer une gerbe d&rsquo;apr\u00e8s les informations de l&rsquo;avis de d\u00e9c\u00e8s aupr\u00e8s du service fun\u00e9raire ? Uel fleuriste peut livrer des fleurs aux Pompes fun\u00e8bres Jalabert \u00e0 Saint Cyprien ?<br \/>\n<\/strong><\/h6>\n","protected":false},"featured_media":2735,"comment_status":"closed","ping_status":"closed","template":"","meta":[],"product_brand":[],"product_cat":[224,232,16],"product_tag":[22,20,17,21,19,18],"class_list":{"0":"post-2743","1":"product","2":"type-product","3":"status-publish","4":"has-post-thumbnail","6":"product_cat-dessus-de-cercueil","7":"product_cat-tons-pastels","8":"product_cat-fleurs-deuil","9":"product_tag-blanc","10":"product_tag-ceremonie","11":"product_tag-deuil","12":"product_tag-fleurs","13":"product_tag-funeraire","14":"product_tag-gerbe","15":"product_shipping_class-liv-locale","16":"latest_post","18":"first","19":"instock","20":"taxable","21":"shipping-taxable","22":"purchasable","23":"product-type-simple"},"_links":{"self":[{"href":"https:\/\/artfloral-boutique.com\/index.php?rest_route=\/wp\/v2\/product\/2743","targetHints":{"allow":["GET"]}}],"collection":[{"href":"https:\/\/artfloral-boutique.com\/index.php?rest_route=\/wp\/v2\/product"}],"about":[{"href":"https:\/\/artfloral-boutique.com\/index.php?rest_route=\/wp\/v2\/types\/product"}],"replies":[{"embeddable":true,"href":"https:\/\/artfloral-boutique.com\/index.php?rest_route=%2Fwp%2Fv2%2Fcomments&post=2743"}],"wp:featuredmedia":[{"embeddable":true,"href":"https:\/\/artfloral-boutique.com\/index.php?rest_route=\/wp\/v2\/media\/2735"}],"wp:attachment":[{"href":"https:\/\/artfloral-boutique.com\/index.php?rest_route=%2Fwp%2Fv2%2Fmedia&parent=2743"}],"wp:term":[{"taxonomy":"product_brand","embeddable":true,"href":"https:\/\/artfloral-boutique.com\/index.php?rest_route=%2Fwp%2Fv2%2Fproduct_brand&post=2743"},{"taxonomy":"product_cat","embeddable":true,"href":"https:\/\/artfloral-boutique.com\/index.php?rest_route=%2Fwp%2Fv2%2Fproduct_cat&post=2743"},{"taxonomy":"product_tag","embeddable":true,"href":"https:\/\/artfloral-boutique.com\/index.php?rest_route=%2Fwp%2Fv2%2Fproduct_tag&post=2743"}],"curies":[{"name":"wp","href":"https:\/\/api.w.org\/{rel}","templated":true}]}}