{"id":2980,"date":"2024-07-02T07:59:31","date_gmt":"2024-07-02T05:59:31","guid":{"rendered":"https:\/\/artfloral-boutique.com\/index.php\/produit\/bouquet-de-saison-blanc-et-soleil\/"},"modified":"2026-03-14T18:54:39","modified_gmt":"2026-03-14T17:54:39","slug":"bouquet-de-saison-blanc-et-soleil","status":"publish","type":"product","link":"https:\/\/artfloral-boutique.com\/?product=bouquet-de-saison-blanc-et-soleil","title":{"rendered":"bouquet de saison blanc et soleil"},"content":{"rendered":"<p><strong>bouquet rond de saison estivale en fleurs fraiches et fleurs s\u00e9ch\u00e9es<\/strong> dans les <strong>tons blancs et jaunes<\/strong> pour une livraison de fleurs sans interm\u00e9daire \u00e0 Argel\u00e8s et alentours.<\/p>\n","protected":false},"excerpt":{"rendered":"<p><strong>bouquet rond de saison estivale en fleurs fraiches et fleurs s\u00e9ch\u00e9es<\/strong> dans les <strong>tons blancs et jaunes<\/strong> pour une livraison de fleurs sans interm\u00e9daire \u00e0 Argel\u00e8s et alentours.<\/p>\n","protected":false},"featured_media":2978,"comment_status":"closed","ping_status":"closed","template":"","meta":[],"product_brand":[],"product_cat":[15,234,236],"product_tag":[],"class_list":{"0":"post-2980","1":"product","2":"type-product","3":"status-publish","4":"has-post-thumbnail","6":"product_cat-bouquets-de-fleurs-et-roses","7":"product_cat-bouquets-ronds","8":"product_cat-tons-colores-bouquets-de-fleurs-et-roses","9":"product_shipping_class-liv-locale","10":"latest_post","12":"first","13":"instock","14":"taxable","15":"shipping-taxable","16":"purchasable","17":"product-type-simple"},"_links":{"self":[{"href":"https:\/\/artfloral-boutique.com\/index.php?rest_route=\/wp\/v2\/product\/2980","targetHints":{"allow":["GET"]}}],"collection":[{"href":"https:\/\/artfloral-boutique.com\/index.php?rest_route=\/wp\/v2\/product"}],"about":[{"href":"https:\/\/artfloral-boutique.com\/index.php?rest_route=\/wp\/v2\/types\/product"}],"replies":[{"embeddable":true,"href":"https:\/\/artfloral-boutique.com\/index.php?rest_route=%2Fwp%2Fv2%2Fcomments&post=2980"}],"wp:featuredmedia":[{"embeddable":true,"href":"https:\/\/artfloral-boutique.com\/index.php?rest_route=\/wp\/v2\/media\/2978"}],"wp:attachment":[{"href":"https:\/\/artfloral-boutique.com\/index.php?rest_route=%2Fwp%2Fv2%2Fmedia&parent=2980"}],"wp:term":[{"taxonomy":"product_brand","embeddable":true,"href":"https:\/\/artfloral-boutique.com\/index.php?rest_route=%2Fwp%2Fv2%2Fproduct_brand&post=2980"},{"taxonomy":"product_cat","embeddable":true,"href":"https:\/\/artfloral-boutique.com\/index.php?rest_route=%2Fwp%2Fv2%2Fproduct_cat&post=2980"},{"taxonomy":"product_tag","embeddable":true,"href":"https:\/\/artfloral-boutique.com\/index.php?rest_route=%2Fwp%2Fv2%2Fproduct_tag&post=2980"}],"curies":[{"name":"wp","href":"https:\/\/api.w.org\/{rel}","templated":true}]}}