{"id":2987,"date":"2024-07-02T08:14:33","date_gmt":"2024-07-02T06:14:33","guid":{"rendered":"https:\/\/artfloral-boutique.com\/index.php\/produit\/bouquet-estival-rose-vif\/"},"modified":"2026-03-14T18:54:18","modified_gmt":"2026-03-14T17:54:18","slug":"bouquet-estival-rose-vif","status":"publish","type":"product","link":"https:\/\/artfloral-boutique.com\/?product=bouquet-estival-rose-vif","title":{"rendered":"bouquet estival rose vif"},"content":{"rendered":"<p><strong>Bouquet de saison de fleurs fraiches et s\u00e9ch\u00e9es<\/strong> dans un style <strong>champ\u00eatre<\/strong> de couleur <strong>rose vif.<\/strong><\/p>\n<p>R\u00e9alis\u00e9 par votre artisan fleuriste et <em><strong>livr\u00e9 sans interm\u00e9diaire au meilleur prix<\/strong><\/em> !<\/p>\n<p>&nbsp;<\/p>\n","protected":false},"excerpt":{"rendered":"<p><strong>Bouquet de saison de fleurs fraiches et s\u00e9ch\u00e9es<\/strong> dans un style <strong>champ\u00eatre<\/strong> de couleur <strong>rose vif.<\/strong><\/p>\n<p>R\u00e9alis\u00e9 par votre artisan fleuriste et <em><strong>livr\u00e9 sans interm\u00e9diaire au meilleur prix<\/strong><\/em> !<\/p>\n<p>&nbsp;<\/p>\n","protected":false},"featured_media":2989,"comment_status":"closed","ping_status":"closed","template":"","meta":[],"product_brand":[],"product_cat":[15,234,236,235],"product_tag":[],"class_list":{"0":"post-2987","1":"product","2":"type-product","3":"status-publish","4":"has-post-thumbnail","6":"product_cat-bouquets-de-fleurs-et-roses","7":"product_cat-bouquets-ronds","8":"product_cat-tons-colores-bouquets-de-fleurs-et-roses","9":"product_cat-tons-pastel","10":"product_shipping_class-liv-locale","11":"latest_post","13":"first","14":"instock","15":"taxable","16":"shipping-taxable","17":"purchasable","18":"product-type-simple"},"_links":{"self":[{"href":"https:\/\/artfloral-boutique.com\/index.php?rest_route=\/wp\/v2\/product\/2987","targetHints":{"allow":["GET"]}}],"collection":[{"href":"https:\/\/artfloral-boutique.com\/index.php?rest_route=\/wp\/v2\/product"}],"about":[{"href":"https:\/\/artfloral-boutique.com\/index.php?rest_route=\/wp\/v2\/types\/product"}],"replies":[{"embeddable":true,"href":"https:\/\/artfloral-boutique.com\/index.php?rest_route=%2Fwp%2Fv2%2Fcomments&post=2987"}],"wp:featuredmedia":[{"embeddable":true,"href":"https:\/\/artfloral-boutique.com\/index.php?rest_route=\/wp\/v2\/media\/2989"}],"wp:attachment":[{"href":"https:\/\/artfloral-boutique.com\/index.php?rest_route=%2Fwp%2Fv2%2Fmedia&parent=2987"}],"wp:term":[{"taxonomy":"product_brand","embeddable":true,"href":"https:\/\/artfloral-boutique.com\/index.php?rest_route=%2Fwp%2Fv2%2Fproduct_brand&post=2987"},{"taxonomy":"product_cat","embeddable":true,"href":"https:\/\/artfloral-boutique.com\/index.php?rest_route=%2Fwp%2Fv2%2Fproduct_cat&post=2987"},{"taxonomy":"product_tag","embeddable":true,"href":"https:\/\/artfloral-boutique.com\/index.php?rest_route=%2Fwp%2Fv2%2Fproduct_tag&post=2987"}],"curies":[{"name":"wp","href":"https:\/\/api.w.org\/{rel}","templated":true}]}}