{"id":345,"date":"2021-05-21T17:59:13","date_gmt":"2021-05-21T15:59:13","guid":{"rendered":"https:\/\/artfloral-boutique.com\/?post_type=product&#038;p=345"},"modified":"2026-03-12T14:13:30","modified_gmt":"2026-03-12T13:13:30","slug":"coeur-deuil-pastel","status":"publish","type":"product","link":"https:\/\/artfloral-boutique.com\/?product=coeur-deuil-pastel","title":{"rendered":"C\u0153ur deuil pastel"},"content":{"rendered":"<p>Assemblage de fleurs piqu\u00e9es de <strong>c\u00e9r\u00e9monie fun\u00e9raire<\/strong> appel\u00e9 le \u00ab\u00a0<strong>C\u0153ur<\/strong>\u00a0\u00bb en raison de sa forme. Il existe de forme pleine ou creuse et diff\u00e9rentes tailles. La dominante de ce mod\u00e8le est <strong>pastel<\/strong>, les fleurs sont choisies selon la saison et la disponibilit\u00e9 des vari\u00e9t\u00e9s au moment de la commande.<\/p>\n","protected":false},"excerpt":{"rendered":"<p>Assemblage de fleurs piqu\u00e9es de <strong>c\u00e9r\u00e9monie fun\u00e9raire<\/strong> appel\u00e9 le \u00ab\u00a0<strong>C\u0153ur<\/strong>\u00a0\u00bb en raison de sa forme. Il existe de forme pleine ou creuse et diff\u00e9rentes tailles. La dominante de ce mod\u00e8le est <strong>pastel<\/strong>, les fleurs sont choisies selon la saison et la disponibilit\u00e9 des vari\u00e9t\u00e9s au moment de la commande.<\/p>\n","protected":false},"featured_media":349,"comment_status":"open","ping_status":"closed","template":"","meta":[],"product_brand":[],"product_cat":[232,16,228],"product_tag":[20,56,17,21,19,18],"class_list":{"0":"post-345","1":"product","2":"type-product","3":"status-publish","4":"has-post-thumbnail","6":"product_cat-tons-pastels","7":"product_cat-fleurs-deuil","8":"product_cat-coeurs-deuil","9":"product_tag-ceremonie","10":"product_tag-coeur","11":"product_tag-deuil","12":"product_tag-fleurs","13":"product_tag-funeraire","14":"product_tag-gerbe","15":"product_shipping_class-liv-locale","16":"latest_post","18":"first","19":"instock","20":"taxable","21":"shipping-taxable","22":"purchasable","23":"product-type-variable"},"_links":{"self":[{"href":"https:\/\/artfloral-boutique.com\/index.php?rest_route=\/wp\/v2\/product\/345","targetHints":{"allow":["GET"]}}],"collection":[{"href":"https:\/\/artfloral-boutique.com\/index.php?rest_route=\/wp\/v2\/product"}],"about":[{"href":"https:\/\/artfloral-boutique.com\/index.php?rest_route=\/wp\/v2\/types\/product"}],"replies":[{"embeddable":true,"href":"https:\/\/artfloral-boutique.com\/index.php?rest_route=%2Fwp%2Fv2%2Fcomments&post=345"}],"wp:featuredmedia":[{"embeddable":true,"href":"https:\/\/artfloral-boutique.com\/index.php?rest_route=\/wp\/v2\/media\/349"}],"wp:attachment":[{"href":"https:\/\/artfloral-boutique.com\/index.php?rest_route=%2Fwp%2Fv2%2Fmedia&parent=345"}],"wp:term":[{"taxonomy":"product_brand","embeddable":true,"href":"https:\/\/artfloral-boutique.com\/index.php?rest_route=%2Fwp%2Fv2%2Fproduct_brand&post=345"},{"taxonomy":"product_cat","embeddable":true,"href":"https:\/\/artfloral-boutique.com\/index.php?rest_route=%2Fwp%2Fv2%2Fproduct_cat&post=345"},{"taxonomy":"product_tag","embeddable":true,"href":"https:\/\/artfloral-boutique.com\/index.php?rest_route=%2Fwp%2Fv2%2Fproduct_tag&post=345"}],"curies":[{"name":"wp","href":"https:\/\/api.w.org\/{rel}","templated":true}]}}