{"id":4258,"date":"2025-07-05T16:00:01","date_gmt":"2025-07-05T14:00:01","guid":{"rendered":"https:\/\/artfloral-boutique.com\/?post_type=product&#038;p=4258"},"modified":"2026-03-14T18:47:56","modified_gmt":"2026-03-14T17:47:56","slug":"bouquet-rose-monochrome","status":"publish","type":"product","link":"https:\/\/artfloral-boutique.com\/?product=bouquet-rose-monochrome","title":{"rendered":"Bouquet rose monochrome"},"content":{"rendered":"<p>Bouquet monochrome ou en cama\u00efeu rose, en fleurs de saison.<\/p>\n<p>La teinte peut varier selon les fleurs disponibles.<\/p>\n<p>Ce bouquet comprend habituellement des \u0153illets color\u00e9es mais elles peuvent \u00eatre remplac\u00e9es par d&rsquo;autres fleurs de saison selon l&rsquo;arrivage.<\/p>\n","protected":false},"excerpt":{"rendered":"<p>Bouquet monochrome ou en cama\u00efeu rose, en fleurs de saison.<\/p>\n<p>La teinte peut varier selon les fleurs disponibles.<\/p>\n<p>Ce bouquet comprend habituellement des \u0153illets color\u00e9es mais elles peuvent \u00eatre remplac\u00e9es par d&rsquo;autres fleurs de saison selon l&rsquo;arrivage.<\/p>\n","protected":false},"featured_media":4256,"comment_status":"closed","ping_status":"closed","template":"","meta":[],"product_brand":[],"product_cat":[15,234,236],"product_tag":[],"class_list":{"0":"post-4258","1":"product","2":"type-product","3":"status-publish","4":"has-post-thumbnail","6":"product_cat-bouquets-de-fleurs-et-roses","7":"product_cat-bouquets-ronds","8":"product_cat-tons-colores-bouquets-de-fleurs-et-roses","9":"latest_post","11":"first","12":"instock","13":"taxable","14":"shipping-taxable","15":"purchasable","16":"product-type-simple"},"_links":{"self":[{"href":"https:\/\/artfloral-boutique.com\/index.php?rest_route=\/wp\/v2\/product\/4258","targetHints":{"allow":["GET"]}}],"collection":[{"href":"https:\/\/artfloral-boutique.com\/index.php?rest_route=\/wp\/v2\/product"}],"about":[{"href":"https:\/\/artfloral-boutique.com\/index.php?rest_route=\/wp\/v2\/types\/product"}],"replies":[{"embeddable":true,"href":"https:\/\/artfloral-boutique.com\/index.php?rest_route=%2Fwp%2Fv2%2Fcomments&post=4258"}],"wp:featuredmedia":[{"embeddable":true,"href":"https:\/\/artfloral-boutique.com\/index.php?rest_route=\/wp\/v2\/media\/4256"}],"wp:attachment":[{"href":"https:\/\/artfloral-boutique.com\/index.php?rest_route=%2Fwp%2Fv2%2Fmedia&parent=4258"}],"wp:term":[{"taxonomy":"product_brand","embeddable":true,"href":"https:\/\/artfloral-boutique.com\/index.php?rest_route=%2Fwp%2Fv2%2Fproduct_brand&post=4258"},{"taxonomy":"product_cat","embeddable":true,"href":"https:\/\/artfloral-boutique.com\/index.php?rest_route=%2Fwp%2Fv2%2Fproduct_cat&post=4258"},{"taxonomy":"product_tag","embeddable":true,"href":"https:\/\/artfloral-boutique.com\/index.php?rest_route=%2Fwp%2Fv2%2Fproduct_tag&post=4258"}],"curies":[{"name":"wp","href":"https:\/\/api.w.org\/{rel}","templated":true}]}}