{"id":4727,"date":"2026-03-10T18:55:12","date_gmt":"2026-03-10T17:55:12","guid":{"rendered":"https:\/\/artfloral-boutique.com\/?post_type=product&#038;p=4727"},"modified":"2026-03-16T19:18:27","modified_gmt":"2026-03-16T18:18:27","slug":"dessus-de-cercueil-le-catalan","status":"publish","type":"product","link":"https:\/\/artfloral-boutique.com\/?product=dessus-de-cercueil-le-catalan","title":{"rendered":"Dessus de cercueil \u00ab\u00a0Le Catalan\u00a0\u00bb"},"content":{"rendered":"<p><strong>Dessus de Cercueil rouge et jaune ou <em>\u00ab\u00a0de sang i d\u2019<b>or<\/b><\/em><\/strong><em><strong>\u00ab\u00a0<\/strong><\/em><strong>.<\/strong> Il s&rsquo;agit d&rsquo;une composition de fleurs piqu\u00e9es de forme allong\u00e9e pour orner le cercueil lors de la c\u00e9r\u00e9monie en r\u00e9f\u00e9rence \u00e0 la <em>\u00ab\u00a0bandera catalana\u00a0\u00bb<\/em>.<\/p>\n<p>Les fleurs qui composent cette <strong>gerbe florale<\/strong> varient beaucoup en fonction des saisons et des fleurs disponibles. Il est donc <strong>imp\u00e9ratif <\/strong>pour cette pi\u00e8ce <strong>de nous contacter pour s&rsquo;assurer de la faisabilit\u00e9<\/strong> de cette pi\u00e8ce au jour de la c\u00e9r\u00e9monie.<\/p>\n<p>&nbsp;<\/p>\n","protected":false},"excerpt":{"rendered":"<p><strong>Dessus de Cercueil rouge et jaune ou <em>\u00ab\u00a0de sang i d\u2019<b>or<\/b><\/em><\/strong><em><strong>\u00ab\u00a0<\/strong><\/em><strong>.<\/strong> Il s&rsquo;agit d&rsquo;une composition de fleurs piqu\u00e9es de forme allong\u00e9e pour orner le cercueil lors de la c\u00e9r\u00e9monie en r\u00e9f\u00e9rence \u00e0 la <em>\u00ab\u00a0bandera catalana\u00a0\u00bb<\/em>.<\/p>\n<p>Les fleurs qui composent cette <strong>gerbe florale<\/strong> varient beaucoup en fonction des saisons et des fleurs disponibles. Il est donc <strong>imp\u00e9ratif <\/strong>pour cette pi\u00e8ce <strong>de nous contacter pour s&rsquo;assurer de la faisabilit\u00e9<\/strong> de cette pi\u00e8ce au jour de la c\u00e9r\u00e9monie.<\/p>\n<p>&nbsp;<\/p>\n","protected":false},"featured_media":2425,"comment_status":"closed","ping_status":"closed","template":"","meta":[],"product_brand":[],"product_cat":[224,233,16],"product_tag":[22,20,17,21,19,18],"class_list":{"0":"post-4727","1":"product","2":"type-product","3":"status-publish","4":"has-post-thumbnail","6":"product_cat-dessus-de-cercueil","7":"product_cat-deuil-tons-colores","8":"product_cat-fleurs-deuil","9":"product_tag-blanc","10":"product_tag-ceremonie","11":"product_tag-deuil","12":"product_tag-fleurs","13":"product_tag-funeraire","14":"product_tag-gerbe","15":"product_shipping_class-liv-locale","16":"latest_post","18":"first","19":"outofstock","20":"taxable","21":"shipping-taxable","22":"product-type-variable"},"_links":{"self":[{"href":"https:\/\/artfloral-boutique.com\/index.php?rest_route=\/wp\/v2\/product\/4727","targetHints":{"allow":["GET"]}}],"collection":[{"href":"https:\/\/artfloral-boutique.com\/index.php?rest_route=\/wp\/v2\/product"}],"about":[{"href":"https:\/\/artfloral-boutique.com\/index.php?rest_route=\/wp\/v2\/types\/product"}],"replies":[{"embeddable":true,"href":"https:\/\/artfloral-boutique.com\/index.php?rest_route=%2Fwp%2Fv2%2Fcomments&post=4727"}],"wp:featuredmedia":[{"embeddable":true,"href":"https:\/\/artfloral-boutique.com\/index.php?rest_route=\/wp\/v2\/media\/2425"}],"wp:attachment":[{"href":"https:\/\/artfloral-boutique.com\/index.php?rest_route=%2Fwp%2Fv2%2Fmedia&parent=4727"}],"wp:term":[{"taxonomy":"product_brand","embeddable":true,"href":"https:\/\/artfloral-boutique.com\/index.php?rest_route=%2Fwp%2Fv2%2Fproduct_brand&post=4727"},{"taxonomy":"product_cat","embeddable":true,"href":"https:\/\/artfloral-boutique.com\/index.php?rest_route=%2Fwp%2Fv2%2Fproduct_cat&post=4727"},{"taxonomy":"product_tag","embeddable":true,"href":"https:\/\/artfloral-boutique.com\/index.php?rest_route=%2Fwp%2Fv2%2Fproduct_tag&post=4727"}],"curies":[{"name":"wp","href":"https:\/\/api.w.org\/{rel}","templated":true}]}}

<p><strong>Dessus de Cercueil rouge et jaune ou <em>« de sang i d’<b>or</b></em></strong><em><strong>« </strong></em><strong>.</strong> Il s&rsquo;agit d&rsquo;une composition de fleurs piquées de forme allongée pour orner le cercueil lors de la cérémonie en référence à la <em>« bandera catalana »</em>.</p>
<p>Les fleurs qui composent cette <strong>gerbe florale</strong> varient beaucoup en fonction des saisons et des fleurs disponibles. Il est donc <strong>impératif </strong>pour cette pièce <strong>de nous contacter pour s&rsquo;assurer de la faisabilité</strong> de cette pièce au jour de la cérémonie.</p>
<p>&nbsp;</p>
