{"id":493,"date":"2021-08-11T16:48:42","date_gmt":"2021-08-11T14:48:42","guid":{"rendered":"https:\/\/artfloral-boutique.com\/?post_type=product&#038;p=493"},"modified":"2021-12-15T13:18:34","modified_gmt":"2021-12-15T12:18:34","slug":"rose-eternelle-rouge-sous-cloche-de-verre-m","status":"publish","type":"product","link":"https:\/\/artfloral-boutique.com\/?product=rose-eternelle-rouge-sous-cloche-de-verre-m","title":{"rendered":"Rose \u00e9ternelle Rouge sous sa cloche de verre (taille M)"},"content":{"rendered":"<p><strong>Rose \u00e9ternelle rouge<\/strong> avec d\u00e9cor en fleurs s\u00e9ch\u00e9es sous <strong>cloche de verre<\/strong> fa\u00e7on La Belle et la B\u00eate. Chaque cr\u00e9ation est unique et fix\u00e9e au support en verre. La taille de cette cloche de verre est plus large mais moins haute que la petite version, mais gr\u00e2ce \u00e0 sa largeur, il y a plus de d\u00e9co \u00e0 la base de la rose.<\/p>\n<p>contenant de diam\u00e8tre 12 cm et hauteur 13,20cm<\/p>\n<p>&nbsp;<\/p>\n","protected":false},"excerpt":{"rendered":"<p><strong>Rose \u00e9ternelle rouge<\/strong> avec d\u00e9cor en fleurs s\u00e9ch\u00e9es sous <strong>cloche de verre<\/strong> fa\u00e7on La Belle et la B\u00eate. Chaque cr\u00e9ation est unique et fix\u00e9e au support en verre. La taille de cette cloche de verre est plus large mais moins haute que la petite version, mais gr\u00e2ce \u00e0 sa largeur, il y a plus de d\u00e9co \u00e0 la base de la rose.<\/p>\n<p>contenant de diam\u00e8tre 12 cm et hauteur 13,20cm<\/p>\n<p>&nbsp;<\/p>\n","protected":false},"featured_media":1281,"comment_status":"closed","ping_status":"closed","template":"","meta":[],"product_brand":[],"product_cat":[89],"product_tag":[38,39,92,93,90,91],"class_list":{"0":"post-493","1":"product","2":"type-product","3":"status-publish","4":"has-post-thumbnail","6":"product_cat-roses-eternelles","7":"product_tag-amour","8":"product_tag-amour-eternel","9":"product_tag-belle-et-la-bete","10":"product_tag-deco","11":"product_tag-rose","12":"product_tag-rose-eternelle","13":"product_shipping_class-liv-locale","14":"latest_post","16":"first","17":"instock","18":"taxable","19":"shipping-taxable","20":"purchasable","21":"product-type-simple"},"_links":{"self":[{"href":"https:\/\/artfloral-boutique.com\/index.php?rest_route=\/wp\/v2\/product\/493","targetHints":{"allow":["GET"]}}],"collection":[{"href":"https:\/\/artfloral-boutique.com\/index.php?rest_route=\/wp\/v2\/product"}],"about":[{"href":"https:\/\/artfloral-boutique.com\/index.php?rest_route=\/wp\/v2\/types\/product"}],"replies":[{"embeddable":true,"href":"https:\/\/artfloral-boutique.com\/index.php?rest_route=%2Fwp%2Fv2%2Fcomments&post=493"}],"wp:featuredmedia":[{"embeddable":true,"href":"https:\/\/artfloral-boutique.com\/index.php?rest_route=\/wp\/v2\/media\/1281"}],"wp:attachment":[{"href":"https:\/\/artfloral-boutique.com\/index.php?rest_route=%2Fwp%2Fv2%2Fmedia&parent=493"}],"wp:term":[{"taxonomy":"product_brand","embeddable":true,"href":"https:\/\/artfloral-boutique.com\/index.php?rest_route=%2Fwp%2Fv2%2Fproduct_brand&post=493"},{"taxonomy":"product_cat","embeddable":true,"href":"https:\/\/artfloral-boutique.com\/index.php?rest_route=%2Fwp%2Fv2%2Fproduct_cat&post=493"},{"taxonomy":"product_tag","embeddable":true,"href":"https:\/\/artfloral-boutique.com\/index.php?rest_route=%2Fwp%2Fv2%2Fproduct_tag&post=493"}],"curies":[{"name":"wp","href":"https:\/\/api.w.org\/{rel}","templated":true}]}}