{"id":514,"date":"2021-08-13T10:25:35","date_gmt":"2021-08-13T08:25:35","guid":{"rendered":"https:\/\/artfloral-boutique.com\/?post_type=product&#038;p=514"},"modified":"2026-03-12T14:08:42","modified_gmt":"2026-03-12T13:08:42","slug":"dessus-de-cercueil-tons-colores","status":"publish","type":"product","link":"https:\/\/artfloral-boutique.com\/?product=dessus-de-cercueil-tons-colores","title":{"rendered":"Dessus de Cercueil tons color\u00e9s"},"content":{"rendered":"<p>Le<strong> DESSUS DE CERCUEIL<\/strong> est la pi\u00e8ce ma\u00eetresse de la c\u00e9r\u00e9monie. Elle recouvre le cercueil et est command\u00e9e par le cercle familial le plus proche. Les fleurs qui composent cette <strong>grande composition florale piqu\u00e9e allong\u00e9e<\/strong> varient en fonction des saisons et des couleurs choisies, dans des <strong>tons chauds ou color\u00e9s<\/strong> mais elles seront toujours le point de mire de la c\u00e9r\u00e9monie. Cette gerbe majeure rendra ce moment un peu moins rude par leur foisonnement et le fait qu\u2019elle couvre le cercueil en rendant un dernier hommage au d\u00e9funt.<\/p>\n<p>Le dessus de cercueil est une pi\u00e8ce essentielle \u00e0 la d\u00e9coration du deuil. Cette composition imposante mesure en g\u00e9n\u00e9ral environ entre 120\/140cm pour <em><strong>une taille moyenne<\/strong><\/em> mais on peut envisager une <em><strong>raquette plus petite<\/strong><\/em> d&rsquo;environ 100\/110 cm\u00a0 pour une plus petite pi\u00e8ce ou 150\/170 cm de long pour une <em><strong>taille plus g\u00e9n\u00e9reuse<\/strong><\/em>. Ces dimensions d\u00e9pendent aussi des fleurs choisies.<\/p>\n<p>&nbsp;<\/p>\n","protected":false},"excerpt":{"rendered":"<p>Le<strong> DESSUS DE CERCUEIL<\/strong> est la pi\u00e8ce ma\u00eetresse de la c\u00e9r\u00e9monie. Elle recouvre le cercueil et est command\u00e9e par le cercle familial le plus proche. Les fleurs qui composent cette <strong>grande composition florale piqu\u00e9e allong\u00e9e<\/strong> varient en fonction des saisons et des couleurs choisies, dans des <strong>tons chauds ou color\u00e9s<\/strong> mais elles seront toujours le point de mire de la c\u00e9r\u00e9monie. Cette gerbe majeure rendra ce moment un peu moins rude par leur foisonnement et le fait qu\u2019elle couvre le cercueil en rendant un dernier hommage au d\u00e9funt.<\/p>\n<p>Le dessus de cercueil est une pi\u00e8ce essentielle \u00e0 la d\u00e9coration du deuil. Cette composition imposante mesure en g\u00e9n\u00e9ral environ entre 120\/140cm pour <em><strong>une taille moyenne<\/strong><\/em> mais on peut envisager une <em><strong>raquette plus petite<\/strong><\/em> d&rsquo;environ 100\/110 cm pour une plus petite pi\u00e8ce ou 150\/170 cm de long pour une <em><strong>taille plus g\u00e9n\u00e9reuse<\/strong><\/em>. Ces dimensions d\u00e9pendent aussi des fleurs choisies.<\/p>\n<p>&nbsp;<\/p>\n","protected":false},"featured_media":719,"comment_status":"closed","ping_status":"closed","template":"","meta":[],"product_brand":[],"product_cat":[224,233,16,225],"product_tag":[22,20,17,21,19,18],"class_list":{"0":"post-514","1":"product","2":"type-product","3":"status-publish","4":"has-post-thumbnail","6":"product_cat-dessus-de-cercueil","7":"product_cat-deuil-tons-colores","8":"product_cat-fleurs-deuil","9":"product_cat-raquettes","10":"product_tag-blanc","11":"product_tag-ceremonie","12":"product_tag-deuil","13":"product_tag-fleurs","14":"product_tag-funeraire","15":"product_tag-gerbe","16":"product_shipping_class-liv-locale","17":"latest_post","19":"first","20":"instock","21":"taxable","22":"shipping-taxable","23":"purchasable","24":"product-type-variable"},"_links":{"self":[{"href":"https:\/\/artfloral-boutique.com\/index.php?rest_route=\/wp\/v2\/product\/514","targetHints":{"allow":["GET"]}}],"collection":[{"href":"https:\/\/artfloral-boutique.com\/index.php?rest_route=\/wp\/v2\/product"}],"about":[{"href":"https:\/\/artfloral-boutique.com\/index.php?rest_route=\/wp\/v2\/types\/product"}],"replies":[{"embeddable":true,"href":"https:\/\/artfloral-boutique.com\/index.php?rest_route=%2Fwp%2Fv2%2Fcomments&post=514"}],"wp:featuredmedia":[{"embeddable":true,"href":"https:\/\/artfloral-boutique.com\/index.php?rest_route=\/wp\/v2\/media\/719"}],"wp:attachment":[{"href":"https:\/\/artfloral-boutique.com\/index.php?rest_route=%2Fwp%2Fv2%2Fmedia&parent=514"}],"wp:term":[{"taxonomy":"product_brand","embeddable":true,"href":"https:\/\/artfloral-boutique.com\/index.php?rest_route=%2Fwp%2Fv2%2Fproduct_brand&post=514"},{"taxonomy":"product_cat","embeddable":true,"href":"https:\/\/artfloral-boutique.com\/index.php?rest_route=%2Fwp%2Fv2%2Fproduct_cat&post=514"},{"taxonomy":"product_tag","embeddable":true,"href":"https:\/\/artfloral-boutique.com\/index.php?rest_route=%2Fwp%2Fv2%2Fproduct_tag&post=514"}],"curies":[{"name":"wp","href":"https:\/\/api.w.org\/{rel}","templated":true}]}}